of 1548 and 490802?
86
What is the greatest common divisor of 11 and 73403?
11
Calculate the highest common factor of 10 and 14265.
5
What is the greatest common divisor of 94410 and 45?
45
Calculate the greatest common factor of 51382 and 184.
46
Calculate the highest common factor of 9952 and 608.
32
Calculate the greatest common divisor of 130 and 6850.
10
What is the highest common divisor of 121896 and 216?
72
Calculate the greatest common factor of 67050 and 300.
150
What is the highest common factor of 118988 and 11?
1
What is the greatest common factor of 280208 and 633?
211
What is the highest common factor of 11 and 44242?
11
What is the greatest common factor of 17980 and 2610?
290
Calculate the highest common divisor of 118285 and 205.
205
Calculate the highest common factor of 81 and 14121.
27
Calculate the highest common divisor of 15 and 88515.
15
What is the greatest common divisor of 114 and 8124666?
114
What is the greatest common factor of 56256 and 7184?
16
What is the highest common divisor of 21164 and 14300?
572
What is the highest common divisor of 2210 and 920?
10
Calculate the highest common factor of 14050 and 4777.
281
Calculate the greatest common factor of 2536 and 83054.
634
What is the greatest common divisor of 16523 and 37843?
533
Calculate the greatest common divisor of 48361 and 2192.
137
Calculate the highest common factor of 17109 and 333.
9
Calculate the greatest common factor of 28 and 427028.
28
What is the highest common divisor of 202 and 680942?
202
What is the greatest common divisor of 4407 and 858?
39
Calculate the highest common factor of 19693 and 282.
47
Calculate the highest common factor of 20 and 1084584.
4
Calculate the highest common divisor of 8476962 and 573.
573
What is the highest common divisor of 39830 and 1680?
70
What is the highest common factor of 154 and 26510?
22
What is the greatest common divisor of 122922 and 18?
18
What is the greatest common divisor of 255 and 2355945?
255
What is the greatest common factor of 52195 and 14465?
55
What is the highest common divisor of 480575 and 10575?
1175
Calculate the greatest common divisor of 2830 and 2410.
10
What is the highest common divisor of 76 and 1199736?
76
Calculate the highest common factor of 115 and 44137.
23
What is the greatest common divisor of 2200 and 249425?
275
Calculate the greatest common divisor of 187473 and 57.
57
Calculate the greatest common divisor of 472892 and 14.
14
What is the highest common factor of 21 and 74064?
3
What is the greatest common factor of 2388 and 24?
12
Calculate the greatest common divisor of 624 and 1729.
13
Calculate the highest common factor of 32419 and 323.
17
Calculate the greatest common factor of 242820 and 228.
228
Calculate the highest common factor of 9139 and 9620.
481
What is the highest common divisor of 38805 and 945?
15
Calculate the highest common divisor of 480 and 2610.
30
Calculate the greatest common divisor of 19 and 269078.
19
What is the highest common factor of 84 and 127722?
42
What is the highest common divisor of 3750 and 6?
6
Calculate the highest common divisor of 13808 and 32.
16
Calculate the greatest common divisor of 50 and 15630.
10
What is the highest common factor of 129 and 981303?
129
Calculate the greatest common factor of 55321 and 35.
7
What is the highest common divisor of 568 and 1286520?
568
Calculate the highest common divisor of 77565 and 165.
15
Calculate the highest common factor of 28330 and 20.
10
Calculate the greatest common factor of 3660 and 24095.
305
What is the highest common divisor of 25039 and 1168?
73
What is the greatest common divisor of 479 and 3002851?
479
What is the highest common divisor of 2139 and 159?
3
What is the highest common factor of 52292 and 272?
68
What is the highest common divisor of 21239 and 268?
67
What is the highest common divisor of 243988 and 181?
181
Calculate the greatest common factor of 11233 and 1195.
239
Calculate the highest common factor of 63597 and 3.
3
What is the highest common divisor of 6444 and 1476?
36
What is the highest common divisor of 7 and 191065?
7
Calculate the greatest common divisor of 340 and 5306380.
340
What is the greatest common factor of 1405530 and 7?
7
What is the greatest common divisor of 725 and 58145?
145
What is the highest common factor of 276 and 278116?
92
What is the highest common factor of 967193 and 293?
293
What is the highest common divisor of 26 and 310414?
26
What is the greatest common factor of 238 and 86394?
238
Calculate the greatest common divisor of 3450 and 345690.
690
What is the greatest common factor of 18780 and 140?
20
What is the greatest common divisor of 1753003 and 28?
7
What is the highest common divisor of 122472 and 840?
168
Calculate the greatest common divisor of 333 and 95127.
111
What is the greatest common divisor of 7803 and 378?
27
What is the highest common divisor of 5643 and 10746?
27
What is the greatest common divisor of 155669 and 68?
17
Calculate the highest common factor of 251 and 1004.
251
Calculate the greatest common divisor of 296 and 53272.
8
Calculate the greatest common factor of 4818667 and 119.
119
Calculate the highest common factor of 190056 and 48.
24
What is the highest common factor of 1405562 and 2501?
2501
What is the greatest common factor of 530964 and 688?
172
What is the greatest common factor of 1331 and 25696?
11
Calculate the greatest common divisor of 2987 and 319.
29
What is the greatest common factor of 792 and 84843?
99
What is the highest common divisor of 446516 and 28?
28
What is the highest common factor of 517062 and 21?
21
What is the greatest common factor of 711 and 1036638?
711
Calculate the highest common divisor of 4169774 and 28.
14
What is the highest common factor of 858 and 150?
6
What is the highest common factor of 104776 and 80453?
1871
What is the highest common factor of 31700 and 2600?
100
What is the greatest common factor of 24494 and 296?
74
What is the highest common factor of 50835 and 3435?
15
What is the greatest common factor of 144117 and 2629?
239
What is the highest common factor of 4249 and 77?
7
What is the highest common factor of 385 and 310915?
55
What is the greatest common divisor of 1479 and 5568?
87
What is the greatest common factor of 14 and 122521?
7
Calculate the greatest common factor of 204279 and 5027.
457
What is the highest common divisor of 38488 and 1360?
136
What is the highest common factor of 47310 and 1216?
38
What is the highest common factor of 96 and 3960?
24
What is the highest common factor of 482363 and 133?
7
What is the highest common factor of 1476 and 108?
36
What is the highest common factor of 915 and 2895?
15
Calculate the greatest common factor of 10240 and 1040.
80
Calculate the highest common factor of 190875 and 1875.
375
What is the greatest common divisor of 12480 and 43485?
195
Calculate the highest common divisor of 25472 and 512.
128
What is the highest common factor of 16 and 20776?
8
Calculate the greatest common divisor of 103894 and 164.
82
What is the greatest common factor of 1638 and 2054?
26
What is the greatest common divisor of 5664 and 4956?
708
Calculate the greatest common divisor of 587079 and 999.
333
What is the highest common divisor of 26 and 71022?
2
Calculate the highest common divisor of 43 and 62436.
43
What is the highest common divisor of 14134 and 21583?
191
What is the greatest common factor of 548878 and 242?
22
Calculate the greatest common divisor of 300 and 140100.
300
Calculate the highest common factor of 10285 and 883575.
935
Calculate the highest common factor of 36 and 375396.
12
Calculate the greatest common factor of 26340 and 80.
20
What is the greatest common divisor of 207 and 14571?
9
Calculate the greatest common factor of 7735 and 1309.
119
What is the highest common factor of 26904 and 24776?
152
Calculate the greatest common divisor of 116407 and 177.
59
Calculate the highest common factor of 1170 and 848458.
26
What is the highest common divisor of 3 and 132123?
3
What is the highest common factor of 143 and 2752178?
143
Calculate the greatest common factor of 1484 and 2021579.
371
What is the greatest common divisor of 5130 and 17280?
270
What is the greatest c